vided by 94?
86
Calculate the remainder when 183 is divided by 11.
7
Calculate the remainder when 561 is divided by 523.
38
What is the remainder when 65 is divided by 17?
14
Calculate the remainder when 177 is divided by 9.
6
Calculate the remainder when 242 is divided by 35.
32
Calculate the remainder when 287 is divided by 13.
1
Calculate the remainder when 363 is divided by 28.
27
What is the remainder when 948 is divided by 44?
24
Calculate the remainder when 197 is divided by 148.
49
Calculate the remainder when 404 is divided by 365.
39
Calculate the remainder when 286 is divided by 41.
40
Calculate the remainder when 145 is divided by 7.
5
What is the remainder when 223 is divided by 5?
3
What is the remainder when 1521 is divided by 379?
5
What is the remainder when 2260 is divided by 94?
4
Calculate the remainder when 4070 is divided by 20.
10
What is the remainder when 242 is divided by 58?
10
Calculate the remainder when 2289 is divided by 743.
60
What is the remainder when 10497 is divided by 210?
207
Calculate the remainder when 122 is divided by 46.
30
Calculate the remainder when 614 is divided by 609.
5
Calculate the remainder when 21664 is divided by 138.
136
Calculate the remainder when 274 is divided by 133.
8
What is the remainder when 228 is divided by 33?
30
What is the remainder when 112 is divided by 41?
30
Calculate the remainder when 698 is divided by 117.
113
Calculate the remainder when 611 is divided by 128.
99
What is the remainder when 295 is divided by 11?
9
What is the remainder when 489 is divided by 6?
3
Calculate the remainder when 3909 is divided by 15.
9
Calculate the remainder when 635 is divided by 71.
67
Calculate the remainder when 167 is divided by 56.
55
Calculate the remainder when 445 is divided by 38.
27
Calculate the remainder when 9161 is divided by 66.
53
Calculate the remainder when 123 is divided by 101.
22
Calculate the remainder when 6118 is divided by 51.
49
What is the remainder when 111 is divided by 14?
13
Calculate the remainder when 233 is divided by 73.
14
Calculate the remainder when 322 is divided by 54.
52
Calculate the remainder when 214 is divided by 13.
6
Calculate the remainder when 37 is divided by 8.
5
Calculate the remainder when 1165 is divided by 49.
38
What is the remainder when 436 is divided by 23?
22
Calculate the remainder when 710 is divided by 51.
47
Calculate the remainder when 4340 is divided by 70.
0
What is the remainder when 39 is divided by 28?
11
Calculate the remainder when 1046 is divided by 261.
2
What is the remainder when 566 is divided by 94?
2
What is the remainder when 545 is divided by 137?
134
Calculate the remainder when 34 is divided by 14.
6
What is the remainder when 84 is divided by 3?
0
What is the remainder when 1628 is divided by 74?
0
What is the remainder when 1550 is divided by 113?
81
Calculate the remainder when 1908 is divided by 23.
22
What is the remainder when 226 is divided by 11?
6
What is the remainder when 166 is divided by 45?
31
Calculate the remainder when 242 is divided by 99.
44
What is the remainder when 514 is divided by 232?
50
Calculate the remainder when 274 is divided by 25.
24
Calculate the remainder when 909 is divided by 184.
173
Calculate the remainder when 77 is divided by 9.
5
Calculate the remainder when 1528 is divided by 94.
24
What is the remainder when 526 is divided by 12?
10
Calculate the remainder when 286 is divided by 63.
34
Calculate the remainder when 5972 is divided by 23.
15
What is the remainder when 649 is divided by 140?
89
What is the remainder when 1920 is divided by 74?
70
What is the remainder when 515 is divided by 509?
6
What is the remainder when 95 is divided by 84?
11
Calculate the remainder when 148 is divided by 147.
1
What is the remainder when 300 is divided by 51?
45
What is the remainder when 11 is divided by 5?
1
Calculate the remainder when 1844 is divided by 206.
196
What is the remainder when 1248 is divided by 42?
30
Calculate the remainder when 1287 is divided by 15.
12
What is the remainder when 278 is divided by 55?
3
Calculate the remainder when 286 is divided by 17.
14
Calculate the remainder when 394 is divided by 6.
4
Calculate the remainder when 223 is divided by 115.
108
What is the remainder when 650 is divided by 31?
30
Calculate the remainder when 981 is divided by 41.
38
Calculate the remainder when 4496 is divided by 19.
12
Calculate the remainder when 1089 is divided by 15.
9
Calculate the remainder when 1548 is divided by 486.
90
What is the remainder when 4014 is divided by 251?
249
What is the remainder when 348 is divided by 254?
94
Calculate the remainder when 324 is divided by 11.
5
Calculate the remainder when 195 is divided by 94.
7
Calculate the remainder when 105 is divided by 34.
3
What is the remainder when 154 is divided by 13?
11
Calculate the remainder when 2823 is divided by 9.
6
Calculate the remainder when 1722 is divided by 171.
12
What is the remainder when 1399 is divided by 50?
49
Calculate the remainder when 368 is divided by 120.
8
What is the remainder when 145 is divided by 138?
7
What is the remainder when 5771 is divided by 2881?
9
What is the remainder when 113 is divided by 38?
37
What is the remainder when 74 is divided by 21?
11
What is the remainder when 135 is divided by 35?
30
Calculate the remainder when 532 is divided by 33.
4
Calculate the remainder when 609 is divided by 10.
9
Calculate the remainder when 57 is divided by 41.
16
What is the remainder when 147 is divided by 41?
24
What is the remainder when 1459 is divided by 123?
106
What is the remainder when 61 is divided by 60?
1
What is the remainder when 1136 is divided by 114?
110
What is the remainder when 890 is divided by 18?
8
What is the remainder when 534 is divided by 100?
34
Calculate the remainder when 286 is divided by 18.
16
Calculate the remainder when 2220 is divided by 57.
54
Calculate the remainder when 2395 is divided by 120.
115
What is the remainder when 64 is divided by 30?
4
Calculate the remainder when 1709 is divided by 49.
43
Calculate the remainder when 935 is divided by 47.
42
What is the remainder when 100 is divided by 21?
16
What is the remainder when 107 is divided by 31?
14
What is the remainder when 98 is divided by 21?
14
What is the remainder when 1568 is divided by 495?
83
What is the remainder when 58 is divided by 5?
3
Calculate the remainder when 463 is divided by 44.
23
Calculate the remainder when 666 is divided by 24.
18
What is the remainder when 897 is divided by 288?
33
What is the remainder when 60 is divided by 23?
14
Calculate the remainder when 161 is divided by 28.
21
What is the remainder when 705 is divided by 180?
165
What is the remainder when 14867 is divided by 28?
27
Calculate the remainder when 299 is divided by 149.
1
Calculate the remainder when 124 is divided by 6.
4
What is the remainder when 56 is divided by 31?
25
Calculate the remainder when 209 is divided by 37.
24
Calculate the remainder when 1133 is divided by 45.
8
Calculate the remainder when 217 is divided by 76.
65
Calculate the remainder when 385 is divided by 78.
73
What is the remainder when 1087 is divided by 10?
7
Calculate the remainder when 150 is divided by 29.
5
Calculate the remainder when 528 is divided by 35.
3
What is the remainder when 753 is divided by 126?
123
What is the remainder when 59 is divided by 21?
17
What is the remainder when 48 is divided by 40?
8
What is the remainder when 74 is divided by 42?
32
Calculate the remainder when 8124 is divided by 1623.
9
Calculate the remainder when 131 is divided by 9.
5
What is the remainder when 209 is divided by 53?
50
Calculate the remainder when 32 is divided by 7.
4
What is the remainder when 5110 is divided by 43?
36
What is the remainder when 828 is divided by 60?
48
What is the remainder when 12798 is divided by 51?
48
Calculate the remainder when 318 is divided by 18.
12
What is the remainder when 726 is divided by 14?
12
What is the remainder when 1083 is divided by 35?
33
What is the remainder when 765 is divided by 48?
45
What is the remainder when 207 is divided by 15?
12
What is the remainder when 105 is divided by 33?
6
What is the remainder when 234 is divided by 4